2*q**3 + 1/4*q**4 - 13. Give p(-6).
6
Let b(m) = -m - 5. Let u(y) = -4 - 4*y**3 + 5 + 2*y + 7*y**3 - 2*y**2 - 2*y**3. Suppose 3*f - 2 = 2*f. Let t be u(f). Calculate b(t).
-10
Let l(t) = -t**2 + 3*t - 8. Let k be 12/(-20)*(0 + -8 + -2). Calculate l(k).
-26
Let l(m) = 6*m**3 + m**3 - 7*m**3 - 4*m**2 + m**3. Let x be l(4). Let h(v) = 3*v + 6. Let s(k) = -k - 3. Let g(y) = 2*h(y) + 5*s(y). Determine g(x).
-3
Let j(g) be the second derivative of g**6/720 + g**5/15 - 4*g**4/3 - 20*g. Let q(n) be the third derivative of j(n). Let v = -1 + 1. Give q(v).
8
Let h(p) = p + 1. Let o be h(4). Suppose 4*y = -0*y - o*u - 40, 15 = y - 5*u. Let g(v) = v**2 + 4*v + 1. Determine g(y).
6
Let g(u) = -3*u + 2. Suppose -5*w = -23 - 12. Suppose -w*p + 8 + 6 = 0. Calculate g(p).
-4
Let r = 40 - 37. Suppose r*b + 6 = -0. Let c be 2/b + (-60)/15. Let j(d) = 4*d + 4. Give j(c).
-16
Suppose 0 = -21*z + 19*z + 18. Let u(r) = -2*r**3 - 10*r**2 - 4*r + 13. Let q(t) = t**3 + 5*t**2 + 2*t - 6. Let j(l) = z*q(l) + 4*u(l). Give j(-4).
6
Let m(o) be the first derivative of -o**2/2 + 4*o - 67. Calculate m(2).
2
Let b be 1/12 - 2074/408. Let l(x) = -x**2 + 3*x - 10. Let g(i) = i**2 - 2*i + 9. Let c(s) = -7*g(s) - 6*l(s). What is c(b)?
-8
Let u = 1554 + -1543. Let k(v) = -v**3 + 11*v**2 + 16. Give k(u).
16
Let p(h) = 6*h**3 + 35*h**2 + 72*h - 11. Let w(k) = k**3 + 7*k**2 + 14*k - 2. Let l(n) = 2*p(n) - 11*w(n). Calculate l(8).
-16
Let d(x) = 10*x + 1. Let o(b) = 31*b + 6. Let k(z) = 3*d(z) - o(z). Suppose 0 = -c - c - 4. Determine k(c).
-1
Suppose -5*f + f = 2*n - 12, 5*n = -2*f + 14. Suppose n*j - 4*o + 10 = -7*o, 20 = -5*o. Let s be 3/(4 - 2 - j). Let l(g) = -g**2 + 2*g + 2. Determine l(s).
-1
Let x(h) = -248*h**2 - 1 + 0*h**3 + 484*h**2 - 242*h**2 - 7*h - h**3. Calculate x(-5).
9
Let g be -1 + 9/(2 - -1). Suppose -2*n + 6 = -3*j + g*n, 0 = -2*j - n - 15. Let o(r) be the first derivative of -r**2/2 - 5*r + 43. Determine o(j).
1
Let m = 22 + -18. Suppose -4*d + 3 = -d, -m*d - 16 = -4*f. Let j(h) be the third derivative of h**4/24 - h**3/2 - h**2. Give j(f).
2
Let d(o) = o**3 + 5*o**2 + 3*o - 2. Let r be d(-4). Suppose -r*s + 0 = -8. Let i(c) = -c**3 + 5*c**2 - 4. Calculate i(s).
12
Let o(i) be the third derivative of -i**5/60 - 7*i**4/24 + 2*i**3/3 - 4*i**2. Suppose 10*l = 11*l - 4, 4*w = -l - 20. Give o(w).
10
Let t(f) = -f**3 + f. Let c = 85 - 63. Suppose 4*j = 22 - c. Determine t(j).
0
Let k(z) be the third derivative of z**6/120 - 3*z**5/20 + z**4/24 - 5*z**3/6 + z**2 + 48*z. What is k(9)?
4
Let r(x) = -16*x - 110. Let k(n) = -n - 8. Let u(o) = 28*k(o) - 2*r(o). Let v be 6/(-21) - 23/(-7). Give u(v).
8
Let x(s) be the second derivative of s**4/12 - s**3 + s**2 + 54*s. What is x(6)?
2
Let q(z) = z**2 + 1. Let l be q(-1). Let a(c) = -1 - 3*c**2 - 2*c - 3*c**l - c**2. Let y be a(-1). Let w(o) = -o**2 - 3*o + 6. What is w(y)?
-12
Let l = -104 - -107. Let r(b) = -2*b + 0*b + l*b - 15 - 3. Give r(12).
-6
Let b(q) be the third derivative of -q**4/8 - 37*q**3/6 + 2*q**2 + 4*q. Determine b(-12).
-1
Let x(a) be the first derivative of -a**3/3 - 3*a**2 - 3*a - 3. Let h be ((-3)/(-5) + -1)*-25. Suppose 0 + h = -2*u. What is x(u)?
2
Suppose p = -2*m + 9, p + 3*m = 4*p - 72. Suppose -7*x + p = -9. Let o(q) = 2*q - 3. Let d(v) = -2*v + 3. Let s(g) = -5*d(g) - 4*o(g). Determine s(x).
5
Let h(d) be the second derivative of d**8/6720 + d**7/840 + d**6/720 - d**5/60 - d**4/2 + 11*d. Let k(q) be the third derivative of h(q). Calculate k(-2).
0
Let k(z) = -z**2 - z - 2. Let b(g) = -g**2 - 2*g + 21. Suppose 5*q + 5*a + 5 = 0, -3*q = -5*q - 4*a - 12. Let r be b(q). Determine k(r).
-8
Suppose -4*l + 44 = 3*t - 8*t, -5*l + 14 = 4*t. Let z(h) = -h**3 + 5*h**2 + 8*h - 14. Give z(l).
-2
Let o(i) = 3*i**3 - 20*i**2 - 14*i - 9. Let r(h) = 4*h**3 - 29*h**2 - 19*h - 14. Let k(w) = 7*o(w) - 5*r(w). What is k(-5)?
22
Let y be (8/(-16))/((-2)/12). Suppose -15 = -2*f - y*x, 3*f - 7*f = -5*x + 3. Let q be 40/(-100) - f/5. Let t(a) = -11*a - 1. What is t(q)?
10
Suppose 0 = -3*q + 2*s + 20, -5*s + 6 = 3*q + 14. Let a(h) = h**3 + 14*h + q - 4*h**2 - 19*h - 6. Suppose 0 = -2*b + b + 5. Determine a(b).
-2
Suppose -10*s + 32 - 2 = 0. Let l(o) = -o - s*o**3 + 0 + 0 + 1 + 0 + o**2. Calculate l(1).
-2
Let r(d) be the first derivative of 3/2*d**2 + 5 + d - 2*d**3 + 1/4*d**4. Calculate r(5).
-9
Let t(i) = -15*i. Let m be ((-19)/(-76))/(2/(-8)). What is t(m)?
15
Let i(b) = 2*b + 3. Suppose -191*u - 80 = -171*u. Give i(u).
-5
Let n = -16 + 18. Let a(s) = 1 - s + 4*s + n. Determine a(-4).
-9
Let w(n) = -n**3 - 6*n - 5*n - n**2 + 10*n**2 - 122165 + 122184. Determine w(8).
-5
Suppose 21 = 4*m - q + 46, 5*m = 2*q - 32. Let c(y) be the first derivative of -4*y**2 - 6*y + 1 + 5/3*y**3 + 1/4*y**4. What is c(m)?
6
Let z(q) = -q**3 + 6*q**2 - 6*q + 7. Let g = -1 - 4. Let t = g + -3. Let w = -3 - t. Calculate z(w).
2
Let v(w) be the first derivative of 7*w + 1/4*w**4 - 1/2*w**2 - 1/3*w**3 + 18. Give v(0).
7
Suppose 6 = -4*l - 3*p, 3*l + 5*p + 5 = 3*p. Let v(b) be the third derivative of 1/30*b**5 + 31*b**2 + 2/3*b**3 + 5/24*b**4 + 0*b + 0. What is v(l)?
7
Let r(y) be the first derivative of 18*y - 3*y - 9*y - 4*y - 28 + y**2. Calculate r(-5).
-8
Let n(i) = -i**2 + 2*i - 2. Let x(y) = 6*y**2 - 18*y + 14. Let f(b) = -4*n(b) - x(b). Determine f(7).
-34
Let b(v) = -v**3 - 22*v**2 - 22*v - 16. Let a be b(-21). Suppose a*q = 2 + 8. Let h be (q - 0)*(-9 + 7). Let m(u) = u**2 + u - 4. Calculate m(h).
8
Let q(u) = u**3 + 17*u**2 + 18*u + 26. Let j = -1305 - -1289. Give q(j).
-6
Let k(x) = -x - 8. Let i be k(-6). Let s be (32/(-40))/(i/5). Let j(o) = o**3 - 12*o**3 + s*o**3 + 2*o**2 - 3*o**2. Calculate j(-1).
8
Let k(n) = n**2 - 3*n - 4. Let p(a) = -a**2 + 3*a + 1. Let v(x) = -4*k(x) - 3*p(x). What is v(6)?
-5
Let l = -48 - -46. Let d(x) be the second derivative of 0 - 1/3*x**3 + x - 1/2*x**2. Calculate d(l).
3
Let k(d) = d**3 + 2*d**2 - 3*d + 4. Let o be k(-3). Let z(p) be the first derivative of p**3/3 - 2*p**2 + 2*p + 20. What is z(o)?
2
Suppose 148*t = 132*t - 48. Let i(u) be the third derivative of -u**6/120 - u**5/15 + u**3/6 - u**2. Determine i(t).
-8
Let t(v) = v**3 - v**2. Let m be 36 - 4/8*0. Let u = -35 + m. What is t(u)?
0
Let p(h) = -h**3 + 2*h**2 - 2*h - 2. Let j be 2*(0 - (-6 + 5)*1). What is p(j)?
-6
Let p(d) = -7*d + 3. Let w be p(3). Let k = 16 + w. Let o(m) = -m + 1. Let h(s) = -8*s + 1. Let r(t) = -h(t) + 4*o(t). Give r(k).
-5
Let t be 65/(-26) + 7/2. Let i(l) = -l + 1. Give i(t).
0
Let v(n) = 0*n + 9*n - 70*n**2 - 5*n**3 - 2 + 6 + 80*n**2. Let u(f) = f**3 - f**2 - f - 1. Let i(k) = 6*u(k) + v(k). What is i(-3)?
-2
Suppose 4*c = -368 - 256. Let f be 3/4 + c/(-48). Let s(a) = -a - 2 - 4 + 3. What is s(f)?
-7
Suppose 2*l + 5*u - 2*u = 21, 0 = u - 5. Let g(s) = s - s + s**2 + 1 - 5 - s**l - s. Determine g(0).
-4
Let x(v) be the second derivative of v**3 + 0 - 7*v - 4*v**2 + 2/3*v**4 + 1/20*v**5. Give x(-7).
-1
Let l(y) = -y**3 - y**2 + 2*y - 1. Let v(n) = n**3 + 28*n**2 + 25*n - 56. Let m be v(-27). Calculate l(m).
-1
Suppose -3*z - 3 = 3*s + 12, 2*s - 20 = 3*z. Let v(r) = -4*r**2 + 3*r**2 - 5*r + 4 + 2*r. Let t(u) = -2*u**2 - 5*u + 7. Let d(c) = 2*t(c) - 5*v(c). Give d(z).
0
Suppose 0*r - 3*r = -3. Let g be ((-30)/(-35))/(0 - r/7). Let c(f) = f**2 + 7*f - 4. What is c(g)?
-10
Let w(p) = -4*p**2 + 5*p**2 + 6*p - p**2 + 1 - p**3 - 2*p**2. Let i(v) be the third derivative of v**4/24 - 5*v**3/3 + 18*v**2. Let h be i(6). Give w(h).
9
Let t(b) = -9*b**3 - 2*b**2 - b. Suppose 20 = -5*j, -a - 3*j - 9 = 2*a. Suppose -a - 1 = 2*k. Calculate t(k).
8
Suppose 2*r + 3 = 5*t - 0*r, 2*t - r = 2. Let m(l) = 19*l**2 - 1. What is m(t)?
18
Suppose -80 = 24*s - 8*s. Let b(c) = -c**3 - 2*c**2 + 12*c - 8. Calculate b(s).
7
Let l = 0 + 2. Let y(z) = 1 + z + l + 3 + 4. Let i be y(-7). Let m(v) = v**3 - 5*v**2 + 5*v - 2. Calculate m(i).
-5
Suppose -19*l = -26*l - 7. Let s(q) = 16*q**2 + 3*q + 2. Calculate s(l).
15
Suppose 3*k - 1 = 17. Let d(y) be the second derivative of y**5/60 - y**4/6 - y**3/2 + 2*y**2 - y. Let r(l) be the first derivative of d(l). What is r(k)?
9
Let k = -21 - -26. Suppose k*r - 40 = -10. Let d(z) = z**3 - 7*z**2 + 3*z + 4. Give d(r).
-14
Let z(n) = 9 + 0*n - 8 - n + 0. Let b(r) = -2*r - 7. Let h be b(-6). Calculate z(h).
-4
L